{"id":324,"date":"2022-03-31T02:37:19","date_gmt":"2022-03-31T02:37:19","guid":{"rendered":"https:\/\/www.sigmacrom.com.br\/site\/?page_id=324"},"modified":"2022-03-31T02:58:43","modified_gmt":"2022-03-31T02:58:43","slug":"empresa","status":"publish","type":"page","link":"https:\/\/www.sigmacrom.com.br\/site\/empresa\/","title":{"rendered":"Empresa"},"content":{"rendered":"\t\t<div data-elementor-type=\"wp-page\" data-elementor-id=\"324\" class=\"elementor elementor-324\">\n\t\t\t\t\t\t\t\t\t<section class=\"elementor-section elementor-top-section elementor-element elementor-element-b1fed13 elementor-section-boxed elementor-section-height-default elementor-section-height-default\" data-id=\"b1fed13\" data-element_type=\"section\" data-settings=\"{&quot;background_background&quot;:&quot;gradient&quot;}\">\n\t\t\t\t\t\t<div class=\"elementor-container elementor-column-gap-default\">\n\t\t\t\t\t<div class=\"elementor-column elementor-col-100 elementor-top-column elementor-element elementor-element-5895134\" data-id=\"5895134\" data-element_type=\"column\">\n\t\t\t<div class=\"elementor-widget-wrap elementor-element-populated\">\n\t\t\t\t\t\t\t\t<section class=\"elementor-section elementor-inner-section elementor-element elementor-element-2f31378 elementor-section-boxed elementor-section-height-default elementor-section-height-default\" data-id=\"2f31378\" data-element_type=\"section\">\n\t\t\t\t\t\t<div class=\"elementor-container elementor-column-gap-default\">\n\t\t\t\t\t<div class=\"elementor-column elementor-col-50 elementor-inner-column elementor-element elementor-element-2c7d7ab\" data-id=\"2c7d7ab\" data-element_type=\"column\">\n\t\t\t<div class=\"elementor-widget-wrap elementor-element-populated\">\n\t\t\t\t\t\t\t\t<div class=\"elementor-element elementor-element-5bb3a2b elementor-widget elementor-widget-image\" data-id=\"5bb3a2b\" data-element_type=\"widget\" data-widget_type=\"image.default\">\n\t\t\t\t<div class=\"elementor-widget-container\">\n\t\t\t<style>\/*! elementor - v3.6.1 - 23-03-2022 *\/\n.elementor-widget-image{text-align:center}.elementor-widget-image a{display:inline-block}.elementor-widget-image a img[src$=\".svg\"]{width:48px}.elementor-widget-image img{vertical-align:middle;display:inline-block}<\/style>\t\t\t\t\t\t\t\t\t\t\t\t<img width=\"222\" height=\"59\" src=\"https:\/\/www.sigmacrom.com.br\/site\/wp-content\/uploads\/2022\/03\/empresa_tit.png\" class=\"attachment-large size-large\" alt=\"\" loading=\"lazy\" \/>\t\t\t\t\t\t\t\t\t\t\t\t\t\t\t<\/div>\n\t\t\t\t<\/div>\n\t\t\t\t<div class=\"elementor-element elementor-element-9a6561d elementor-widget elementor-widget-text-editor\" data-id=\"9a6561d\" data-element_type=\"widget\" data-widget_type=\"text-editor.default\">\n\t\t\t\t<div class=\"elementor-widget-container\">\n\t\t\t<style>\/*! elementor - v3.6.1 - 23-03-2022 *\/\n.elementor-widget-text-editor.elementor-drop-cap-view-stacked .elementor-drop-cap{background-color:#818a91;color:#fff}.elementor-widget-text-editor.elementor-drop-cap-view-framed .elementor-drop-cap{color:#818a91;border:3px solid;background-color:transparent}.elementor-widget-text-editor:not(.elementor-drop-cap-view-default) .elementor-drop-cap{margin-top:8px}.elementor-widget-text-editor:not(.elementor-drop-cap-view-default) .elementor-drop-cap-letter{width:1em;height:1em}.elementor-widget-text-editor .elementor-drop-cap{float:left;text-align:center;line-height:1;font-size:50px}.elementor-widget-text-editor .elementor-drop-cap-letter{display:inline-block}<\/style>\t\t\t\t<p>A Sigmacrom Solu\u00e7\u00f5es em Galvanoplastia e Inje\u00e7\u00e3o Pl\u00e1stica em ABS Ltda, iniciou suas atividades em 05\/06\/2006, no munic\u00edpio de Joinville-SC, tendo como principal objetivo , a especializa\u00e7\u00e3o nos processos de Galvanoplastia em ABS e Inje\u00e7\u00e3o de Termopl\u00e1stico, al\u00e9m de prestar assessoria em neg\u00f3cios internacionais, sob a \u00f3tica destes mesmos processos.<br \/><br \/>\u00c9 uma empresa que acredita que a for\u00e7a do trabalho e a dedica\u00e7\u00e3o de seus colaboradores s\u00e3o fatores essenciais para a constru\u00e7\u00e3o d prosperidade coletiva e individual e que se orgulha de participar do processo de desenvolvimento nacional.<br \/><br \/>Com o prop\u00f3sito do crescimento auto sustent\u00e1vel, em Junho de 2009 transferiu sua unidade, para sede pr\u00f3pria, ao munic\u00edpio de Araquar\u00ed \u2013 SC, com parque fabril de 1.200m\u00b2 em uma \u00e1rea total de 86.000m\u00b2 j\u00e1 prevendo sua expans\u00e3o.<br \/><br \/>Det\u00eam no parque fabril M\u00e1quinas Injetoras modernas, de tecnologia presente para atender a produ\u00e7\u00e3o de pe\u00e7as injetadas em ABS nos mais diversos segmentos e aplica\u00e7\u00f5es.<br \/><br \/>Com vis\u00e3o empreendedora e inovadora, a Sigmacrom investiu em uma linha de<br \/>Cromagem em ABS, com intuito de fornecer ao mercado produtos Cromados e Acetinados com alta qualidade.<\/p>\t\t\t\t\t\t<\/div>\n\t\t\t\t<\/div>\n\t\t\t\t<div class=\"elementor-element elementor-element-e6b3674 elementor-widget elementor-widget-text-editor\" data-id=\"e6b3674\" data-element_type=\"widget\" data-widget_type=\"text-editor.default\">\n\t\t\t\t<div class=\"elementor-widget-container\">\n\t\t\t\t\t\t\t<p>A Sigmacrom Solu\u00e7\u00f5es em Galvanoplastia e Inje\u00e7\u00e3o Pl\u00e1stica em ABS Ltda, iniciou suas atividades em 05\/06\/2006, no munic\u00edpio de Joinville-SC, tendo como principal objetivo , a especializa\u00e7\u00e3o nos processos de Galvanoplastia em ABS e Inje\u00e7\u00e3o de Termopl\u00e1stico, al\u00e9m de prestar assessoria em neg\u00f3cios internacionais, sob a \u00f3tica destes mesmos processos.<br \/><br \/>\u00c9 uma empresa que acredita que a for\u00e7a do trabalho e a dedica\u00e7\u00e3o de seus colaboradores s\u00e3o fatores essenciais para a constru\u00e7\u00e3o d prosperidade coletiva e individual e que se orgulha de participar do processo de desenvolvimento nacional.<br \/><br \/>Com o prop\u00f3sito do crescimento auto sustent\u00e1vel, em Junho de 2009 transferiu sua unidade, para sede pr\u00f3pria, ao munic\u00edpio de Araquar\u00ed \u2013 SC, com parque fabril de 1.200m\u00b2 em uma \u00e1rea total de 86.000m\u00b2 j\u00e1 prevendo sua expans\u00e3o.<br \/><br \/>Det\u00eam no parque fabril M\u00e1quinas Injetoras modernas, de tecnologia presente para atender a produ\u00e7\u00e3o de pe\u00e7as injetadas em ABS nos mais diversos segmentos e aplica\u00e7\u00f5es.<br \/><br \/>Com vis\u00e3o empreendedora e inovadora, a Sigmacrom investiu em uma linha de<br \/>Cromagem em ABS, com intuito de fornecer ao mercado produtos Cromados e Acetinados com alta qualidade.<\/p>\t\t\t\t\t\t<\/div>\n\t\t\t\t<\/div>\n\t\t\t\t\t<\/div>\n\t\t<\/div>\n\t\t\t\t<div class=\"elementor-column elementor-col-50 elementor-inner-column elementor-element elementor-element-e67a8a4\" data-id=\"e67a8a4\" data-element_type=\"column\">\n\t\t\t<div class=\"elementor-widget-wrap elementor-element-populated\">\n\t\t\t\t\t\t\t\t<div class=\"elementor-element elementor-element-3123c5a elementor-widget elementor-widget-image\" data-id=\"3123c5a\" data-element_type=\"widget\" data-widget_type=\"image.default\">\n\t\t\t\t<div class=\"elementor-widget-container\">\n\t\t\t\t\t\t\t\t\t\t\t\t\t\t\t<img width=\"223\" height=\"59\" src=\"https:\/\/www.sigmacrom.com.br\/site\/wp-content\/uploads\/2022\/03\/missao_tit.png\" class=\"attachment-large size-large\" alt=\"\" loading=\"lazy\" \/>\t\t\t\t\t\t\t\t\t\t\t\t\t\t\t<\/div>\n\t\t\t\t<\/div>\n\t\t\t\t<div class=\"elementor-element elementor-element-8e77112 elementor-widget elementor-widget-text-editor\" data-id=\"8e77112\" data-element_type=\"widget\" data-widget_type=\"text-editor.default\">\n\t\t\t\t<div class=\"elementor-widget-container\">\n\t\t\t\t\t\t\t<p>Oferecer produtos e solu\u00e7\u00f5es de qualidade, de forma auto sustent\u00e1vel, para atender as necessidades de nossos clientes, colaboradores, acionistas e legisla\u00e7\u00e3o ambiental vigente.<\/p>\t\t\t\t\t\t<\/div>\n\t\t\t\t<\/div>\n\t\t\t\t<div class=\"elementor-element elementor-element-7760dfd elementor-widget elementor-widget-image\" data-id=\"7760dfd\" data-element_type=\"widget\" data-widget_type=\"image.default\">\n\t\t\t\t<div class=\"elementor-widget-container\">\n\t\t\t\t\t\t\t\t\t\t\t\t\t\t\t<img width=\"151\" height=\"59\" src=\"https:\/\/www.sigmacrom.com.br\/site\/wp-content\/uploads\/2022\/03\/visao_tit.png\" class=\"attachment-large size-large\" alt=\"\" loading=\"lazy\" \/>\t\t\t\t\t\t\t\t\t\t\t\t\t\t\t<\/div>\n\t\t\t\t<\/div>\n\t\t\t\t<div class=\"elementor-element elementor-element-a8369dd elementor-widget elementor-widget-text-editor\" data-id=\"a8369dd\" data-element_type=\"widget\" data-widget_type=\"text-editor.default\">\n\t\t\t\t<div class=\"elementor-widget-container\">\n\t\t\t\t\t\t\t<p>A\u00a0<strong>Sigmacrom<\/strong>, quer ser reconhecida no mercado nacional como marca forte, s\u00f3lida, inovadora e de excel\u00eancia em galvanoplastia e inje\u00e7\u00e3o pl\u00e1stica.<\/p>\t\t\t\t\t\t<\/div>\n\t\t\t\t<\/div>\n\t\t\t\t<div class=\"elementor-element elementor-element-1c87e08 elementor-widget elementor-widget-image\" data-id=\"1c87e08\" data-element_type=\"widget\" data-widget_type=\"image.default\">\n\t\t\t\t<div class=\"elementor-widget-container\">\n\t\t\t\t\t\t\t\t\t\t\t\t\t\t\t<img width=\"151\" height=\"59\" src=\"https:\/\/www.sigmacrom.com.br\/site\/wp-content\/uploads\/2022\/03\/valores_tit.png\" class=\"attachment-large size-large\" alt=\"\" loading=\"lazy\" \/>\t\t\t\t\t\t\t\t\t\t\t\t\t\t\t<\/div>\n\t\t\t\t<\/div>\n\t\t\t\t<div class=\"elementor-element elementor-element-1d8c01b elementor-widget elementor-widget-text-editor\" data-id=\"1d8c01b\" data-element_type=\"widget\" data-widget_type=\"text-editor.default\">\n\t\t\t\t<div class=\"elementor-widget-container\">\n\t\t\t\t\t\t\t<p>Respeito ao colaborador e ao meio ambiente.<br \/>Confiabilidade m\u00fatua e trabalho eficaz.<br \/>Qualifica\u00e7\u00e3o e compet\u00eancia assegurada.<br \/>Imagem pr\u00f3 ativa da empresa.<br \/>Intera\u00e7\u00e3o com a comunidade.<\/p>\t\t\t\t\t\t<\/div>\n\t\t\t\t<\/div>\n\t\t\t\t\t<\/div>\n\t\t<\/div>\n\t\t\t\t\t\t\t<\/div>\n\t\t<\/section>\n\t\t\t\t\t<\/div>\n\t\t<\/div>\n\t\t\t\t\t\t\t<\/div>\n\t\t<\/section>\n\t\t\t\t\t\t\t<\/div>\n\t\t","protected":false},"excerpt":{"rendered":"<p>A Sigmacrom Solu\u00e7\u00f5es em Galvanoplastia e Inje\u00e7\u00e3o Pl\u00e1stica em ABS Ltda, iniciou suas atividades em 05\/06\/2006, no munic\u00edpio de Joinville-SC, tendo como principal objetivo , a especializa\u00e7\u00e3o nos processos de Galvanoplastia em ABS e Inje\u00e7\u00e3o de Termopl\u00e1stico, al\u00e9m de prestar assessoria em neg\u00f3cios internacionais, sob a \u00f3tica destes mesmos processos. \u00c9 uma empresa que acredita [&hellip;]<\/p>\n","protected":false},"author":1,"featured_media":0,"parent":0,"menu_order":0,"comment_status":"closed","ping_status":"closed","template":"elementor_header_footer","meta":[],"_links":{"self":[{"href":"https:\/\/www.sigmacrom.com.br\/site\/wp-json\/wp\/v2\/pages\/324"}],"collection":[{"href":"https:\/\/www.sigmacrom.com.br\/site\/wp-json\/wp\/v2\/pages"}],"about":[{"href":"https:\/\/www.sigmacrom.com.br\/site\/wp-json\/wp\/v2\/types\/page"}],"author":[{"embeddable":true,"href":"https:\/\/www.sigmacrom.com.br\/site\/wp-json\/wp\/v2\/users\/1"}],"replies":[{"embeddable":true,"href":"https:\/\/www.sigmacrom.com.br\/site\/wp-json\/wp\/v2\/comments?post=324"}],"version-history":[{"count":19,"href":"https:\/\/www.sigmacrom.com.br\/site\/wp-json\/wp\/v2\/pages\/324\/revisions"}],"predecessor-version":[{"id":361,"href":"https:\/\/www.sigmacrom.com.br\/site\/wp-json\/wp\/v2\/pages\/324\/revisions\/361"}],"wp:attachment":[{"href":"https:\/\/www.sigmacrom.com.br\/site\/wp-json\/wp\/v2\/media?parent=324"}],"curies":[{"name":"wp","href":"https:\/\/api.w.org\/{rel}","templated":true}]}}