{"id":100,"date":"2022-03-30T23:24:17","date_gmt":"2022-03-30T23:24:17","guid":{"rendered":"https:\/\/www.sigmacrom.com.br\/site\/?page_id=100"},"modified":"2022-03-31T02:54:44","modified_gmt":"2022-03-31T02:54:44","slug":"servicos","status":"publish","type":"page","link":"https:\/\/www.sigmacrom.com.br\/site\/servicos\/","title":{"rendered":"Servi\u00e7os"},"content":{"rendered":"\t\t<div data-elementor-type=\"wp-page\" data-elementor-id=\"100\" class=\"elementor elementor-100\">\n\t\t\t\t\t\t\t\t\t<section class=\"elementor-section elementor-top-section elementor-element elementor-element-24300ab elementor-section-boxed elementor-section-height-default elementor-section-height-default\" data-id=\"24300ab\" data-element_type=\"section\" data-settings=\"{&quot;background_background&quot;:&quot;gradient&quot;}\">\n\t\t\t\t\t\t<div class=\"elementor-container elementor-column-gap-default\">\n\t\t\t\t\t<div class=\"elementor-column elementor-col-100 elementor-top-column elementor-element elementor-element-60bbc57\" data-id=\"60bbc57\" data-element_type=\"column\">\n\t\t\t<div class=\"elementor-widget-wrap elementor-element-populated\">\n\t\t\t\t\t\t\t\t<section class=\"elementor-section elementor-inner-section elementor-element elementor-element-dc79fca elementor-section-boxed elementor-section-height-default elementor-section-height-default\" data-id=\"dc79fca\" data-element_type=\"section\">\n\t\t\t\t\t\t<div class=\"elementor-container elementor-column-gap-default\">\n\t\t\t\t\t<div class=\"elementor-column elementor-col-50 elementor-inner-column elementor-element elementor-element-f5bf2f6\" data-id=\"f5bf2f6\" data-element_type=\"column\">\n\t\t\t<div class=\"elementor-widget-wrap elementor-element-populated\">\n\t\t\t\t\t\t\t\t<div class=\"elementor-element elementor-element-dcb56ee elementor-widget elementor-widget-image\" data-id=\"dcb56ee\" data-element_type=\"widget\" data-widget_type=\"image.default\">\n\t\t\t\t<div class=\"elementor-widget-container\">\n\t\t\t<style>\/*! elementor - v3.6.1 - 23-03-2022 *\/\n.elementor-widget-image{text-align:center}.elementor-widget-image a{display:inline-block}.elementor-widget-image a img[src$=\".svg\"]{width:48px}.elementor-widget-image img{vertical-align:middle;display:inline-block}<\/style>\t\t\t\t\t\t\t\t\t\t\t\t<img width=\"151\" height=\"59\" src=\"https:\/\/www.sigmacrom.com.br\/site\/wp-content\/uploads\/2022\/03\/atuaca_tit.png\" class=\"attachment-large size-large\" alt=\"\" loading=\"lazy\" \/>\t\t\t\t\t\t\t\t\t\t\t\t\t\t\t<\/div>\n\t\t\t\t<\/div>\n\t\t\t\t<div class=\"elementor-element elementor-element-4faf129 elementor-widget elementor-widget-text-editor\" data-id=\"4faf129\" data-element_type=\"widget\" data-widget_type=\"text-editor.default\">\n\t\t\t\t<div class=\"elementor-widget-container\">\n\t\t\t<style>\/*! elementor - v3.6.1 - 23-03-2022 *\/\n.elementor-widget-text-editor.elementor-drop-cap-view-stacked .elementor-drop-cap{background-color:#818a91;color:#fff}.elementor-widget-text-editor.elementor-drop-cap-view-framed .elementor-drop-cap{color:#818a91;border:3px solid;background-color:transparent}.elementor-widget-text-editor:not(.elementor-drop-cap-view-default) .elementor-drop-cap{margin-top:8px}.elementor-widget-text-editor:not(.elementor-drop-cap-view-default) .elementor-drop-cap-letter{width:1em;height:1em}.elementor-widget-text-editor .elementor-drop-cap{float:left;text-align:center;line-height:1;font-size:50px}.elementor-widget-text-editor .elementor-drop-cap-letter{display:inline-block}<\/style>\t\t\t\t<strong>Pe\u00e7as T\u00e9cnicas e Industriais direcionadas para os setores:<\/strong>\n<div>\u2022\u00a0 Automotivo<\/div>\n<div>\u2022\u00a0 Telecomunica\u00e7\u00f5es<\/div>\n<div>\u2022\u00a0 Eletro-Eletr\u00f4nico<\/div>\n<div>\u2022\u00a0 Constru\u00e7\u00e3o Civil<\/div>\n<div>\u2022\u00a0 El\u00e9trodomestico<\/div>\n<div>\u2022\u00a0 Refrigera\u00e7\u00e3o<\/div>\n<div>\u2022\u00a0 Aeron\u00e1utica<\/div>\n<div>\u2022\u00a0 Inform\u00e1tica<\/div>\n<div>\u2022\u00a0 Medicina e Odontologia<\/div>\n<div>\u2022\u00a0 Ind\u00fastria Mec\u00e2nica<\/div>\n<div>\u2022\u00a0 Ind\u00fastria Moveleira<\/div>\n<div>\u2022\u00a0 N\u00e1utica<\/div>\n<div>\u2022\u00a0 Ind\u00fastria de Cosm\u00e9ticos<\/div>\nAtuamos em todo o territ\u00f3rio nacional, pe\u00e7a um or\u00e7amento, agende uma visita, tire suas d\u00favidas ou nos envie sugest\u00f5es ou cr\u00edticas atrav\u00e9s do nosso <b>contato.<\/b>\t\t\t\t\t\t<\/div>\n\t\t\t\t<\/div>\n\t\t\t\t\t<\/div>\n\t\t<\/div>\n\t\t\t\t<div class=\"elementor-column elementor-col-50 elementor-inner-column elementor-element elementor-element-39a7a4c\" data-id=\"39a7a4c\" data-element_type=\"column\">\n\t\t\t<div class=\"elementor-widget-wrap elementor-element-populated\">\n\t\t\t\t\t\t\t\t<div class=\"elementor-element elementor-element-964ab1f elementor-widget elementor-widget-image\" data-id=\"964ab1f\" data-element_type=\"widget\" data-widget_type=\"image.default\">\n\t\t\t\t<div class=\"elementor-widget-container\">\n\t\t\t\t\t\t\t\t\t\t\t\t\t\t\t<img width=\"151\" height=\"59\" src=\"https:\/\/www.sigmacrom.com.br\/site\/wp-content\/uploads\/2022\/03\/vanta_tit.png\" class=\"attachment-large size-large\" alt=\"\" loading=\"lazy\" \/>\t\t\t\t\t\t\t\t\t\t\t\t\t\t\t<\/div>\n\t\t\t\t<\/div>\n\t\t\t\t<div class=\"elementor-element elementor-element-035f195 elementor-widget elementor-widget-text-editor\" data-id=\"035f195\" data-element_type=\"widget\" data-widget_type=\"text-editor.default\">\n\t\t\t\t<div class=\"elementor-widget-container\">\n\t\t\t\t\t\t\t<p><strong>Cromagem e inje\u00e7\u00e3o pl\u00e1stica<\/strong><br \/><br \/>A Sigmacrom com esp\u00edrito inovador\u00a0 e atenta \u00e0s necessidades do mercado, oferece servi\u00e7os em CROMAGEM E INJE\u00c7\u00c3O PL\u00c1STICA.<br \/><br \/>O\u00a0 principal\u00a0\u00a0 objetivo\u00a0 \u00e9\u00a0 proporcionar\u00a0 \u00e0 seus\u00a0 clientes\u00a0 a otimiza\u00e7\u00e3o da cadeia produtiva, dessa forma,o cliente se relaciona apenas com um \u00fanico fornecedor, economizando tempo, trabalho e, principalmente, diminuindo custos<br \/><br \/><strong>Acetinado<\/strong><br \/><br \/>Seguindo novas tend\u00eancias do mercado Automotivo, a Sigmacrom oferece mais esta op\u00e7\u00e3o para atender todos os segmentos.<br \/><br \/><strong>Desenvolvimento e fabrica\u00e7\u00e3o pr\u00f3pria de gancheiras<\/strong><br \/><br \/>Contamos com um departamento de cria\u00e7\u00e3o e confec\u00e7\u00e3o de GANCHEIRAS ESPECIAIS, para tratamento de pe\u00e7as com geometria complexa.<\/p>\t\t\t\t\t\t<\/div>\n\t\t\t\t<\/div>\n\t\t\t\t\t<\/div>\n\t\t<\/div>\n\t\t\t\t\t\t\t<\/div>\n\t\t<\/section>\n\t\t\t\t<div class=\"elementor-element elementor-element-c189158 elementor-arrows-position-inside elementor-pagination-position-outside elementor-widget elementor-widget-image-carousel\" data-id=\"c189158\" data-element_type=\"widget\" data-settings=\"{&quot;slides_to_show&quot;:&quot;4&quot;,&quot;slides_to_show_tablet&quot;:&quot;4&quot;,&quot;image_spacing_custom&quot;:{&quot;unit&quot;:&quot;px&quot;,&quot;size&quot;:12,&quot;sizes&quot;:[]},&quot;navigation&quot;:&quot;both&quot;,&quot;autoplay&quot;:&quot;yes&quot;,&quot;pause_on_hover&quot;:&quot;yes&quot;,&quot;pause_on_interaction&quot;:&quot;yes&quot;,&quot;autoplay_speed&quot;:5000,&quot;infinite&quot;:&quot;yes&quot;,&quot;speed&quot;:500}\" data-widget_type=\"image-carousel.default\">\n\t\t\t\t<div class=\"elementor-widget-container\">\n\t\t\t<style>\/*! elementor - v3.6.1 - 23-03-2022 *\/\n.elementor-widget-image-carousel .swiper-container{position:static}.elementor-widget-image-carousel .swiper-container .swiper-slide figure{line-height:inherit}.elementor-widget-image-carousel .swiper-slide{text-align:center}.elementor-image-carousel-wrapper:not(.swiper-container-initialized) .swiper-slide{max-width:calc(100% \/ var(--e-image-carousel-slides-to-show, 3))}<\/style>\t\t<div class=\"elementor-image-carousel-wrapper swiper-container\" dir=\"ltr\">\n\t\t\t<div class=\"elementor-image-carousel swiper-wrapper\">\n\t\t\t\t\t\t\t\t<div class=\"swiper-slide\"><a data-elementor-open-lightbox=\"yes\" data-elementor-lightbox-slideshow=\"c189158\" data-elementor-lightbox-title=\"comercial_sigmacrom\" e-action-hash=\"#elementor-action%3Aaction%3Dlightbox%26settings%3DeyJpZCI6MTQwLCJ1cmwiOiJodHRwczpcL1wvd3d3LnNpZ21hY3JvbS5jb20uYnJcL3NpdGVcL3dwLWNvbnRlbnRcL3VwbG9hZHNcLzIwMjJcLzAzXC9jb21lcmNpYWxfc2lnbWFjcm9tLmpwZyIsInNsaWRlc2hvdyI6ImMxODkxNTgifQ%3D%3D\" href=\"https:\/\/www.sigmacrom.com.br\/site\/wp-content\/uploads\/2022\/03\/comercial_sigmacrom.jpg\"><figure class=\"swiper-slide-inner\"><img class=\"swiper-slide-image\" src=\"https:\/\/www.sigmacrom.com.br\/site\/wp-content\/uploads\/2022\/03\/comercial_sigmacrom.jpg\" alt=\"comercial_sigmacrom\" \/><\/figure><\/a><\/div><div class=\"swiper-slide\"><a data-elementor-open-lightbox=\"yes\" data-elementor-lightbox-slideshow=\"c189158\" data-elementor-lightbox-title=\"estacao_tratamento_sigmacrom\" e-action-hash=\"#elementor-action%3Aaction%3Dlightbox%26settings%3DeyJpZCI6MTQxLCJ1cmwiOiJodHRwczpcL1wvd3d3LnNpZ21hY3JvbS5jb20uYnJcL3NpdGVcL3dwLWNvbnRlbnRcL3VwbG9hZHNcLzIwMjJcLzAzXC9lc3RhY2FvX3RyYXRhbWVudG9fc2lnbWFjcm9tLmpwZyIsInNsaWRlc2hvdyI6ImMxODkxNTgifQ%3D%3D\" href=\"https:\/\/www.sigmacrom.com.br\/site\/wp-content\/uploads\/2022\/03\/estacao_tratamento_sigmacrom.jpg\"><figure class=\"swiper-slide-inner\"><img class=\"swiper-slide-image\" src=\"https:\/\/www.sigmacrom.com.br\/site\/wp-content\/uploads\/2022\/03\/estacao_tratamento_sigmacrom.jpg\" alt=\"estacao_tratamento_sigmacrom\" \/><\/figure><\/a><\/div><div class=\"swiper-slide\"><a data-elementor-open-lightbox=\"yes\" data-elementor-lightbox-slideshow=\"c189158\" data-elementor-lightbox-title=\"frota_sigmacrom\" e-action-hash=\"#elementor-action%3Aaction%3Dlightbox%26settings%3DeyJpZCI6MTQyLCJ1cmwiOiJodHRwczpcL1wvd3d3LnNpZ21hY3JvbS5jb20uYnJcL3NpdGVcL3dwLWNvbnRlbnRcL3VwbG9hZHNcLzIwMjJcLzAzXC9mcm90YV9zaWdtYWNyb20uanBnIiwic2xpZGVzaG93IjoiYzE4OTE1OCJ9\" href=\"https:\/\/www.sigmacrom.com.br\/site\/wp-content\/uploads\/2022\/03\/frota_sigmacrom.jpg\"><figure class=\"swiper-slide-inner\"><img class=\"swiper-slide-image\" src=\"https:\/\/www.sigmacrom.com.br\/site\/wp-content\/uploads\/2022\/03\/frota_sigmacrom.jpg\" alt=\"frota_sigmacrom\" \/><\/figure><\/a><\/div><div class=\"swiper-slide\"><a data-elementor-open-lightbox=\"yes\" data-elementor-lightbox-slideshow=\"c189158\" data-elementor-lightbox-title=\"laboratorio_sigmacrom\" e-action-hash=\"#elementor-action%3Aaction%3Dlightbox%26settings%3DeyJpZCI6MTQzLCJ1cmwiOiJodHRwczpcL1wvd3d3LnNpZ21hY3JvbS5jb20uYnJcL3NpdGVcL3dwLWNvbnRlbnRcL3VwbG9hZHNcLzIwMjJcLzAzXC9sYWJvcmF0b3Jpb19zaWdtYWNyb20uanBnIiwic2xpZGVzaG93IjoiYzE4OTE1OCJ9\" href=\"https:\/\/www.sigmacrom.com.br\/site\/wp-content\/uploads\/2022\/03\/laboratorio_sigmacrom.jpg\"><figure class=\"swiper-slide-inner\"><img class=\"swiper-slide-image\" src=\"https:\/\/www.sigmacrom.com.br\/site\/wp-content\/uploads\/2022\/03\/laboratorio_sigmacrom.jpg\" alt=\"laboratorio_sigmacrom\" \/><\/figure><\/a><\/div><div class=\"swiper-slide\"><a data-elementor-open-lightbox=\"yes\" data-elementor-lightbox-slideshow=\"c189158\" data-elementor-lightbox-title=\"parque_fabril_sigmacrom\" e-action-hash=\"#elementor-action%3Aaction%3Dlightbox%26settings%3DeyJpZCI6MTQ0LCJ1cmwiOiJodHRwczpcL1wvd3d3LnNpZ21hY3JvbS5jb20uYnJcL3NpdGVcL3dwLWNvbnRlbnRcL3VwbG9hZHNcLzIwMjJcLzAzXC9wYXJxdWVfZmFicmlsX3NpZ21hY3JvbS5qcGciLCJzbGlkZXNob3ciOiJjMTg5MTU4In0%3D\" href=\"https:\/\/www.sigmacrom.com.br\/site\/wp-content\/uploads\/2022\/03\/parque_fabril_sigmacrom.jpg\"><figure class=\"swiper-slide-inner\"><img class=\"swiper-slide-image\" src=\"https:\/\/www.sigmacrom.com.br\/site\/wp-content\/uploads\/2022\/03\/parque_fabril_sigmacrom.jpg\" alt=\"parque_fabril_sigmacrom\" \/><\/figure><\/a><\/div>\t\t\t<\/div>\n\t\t\t\t\t\t\t\t\t\t\t\t<div class=\"swiper-pagination\"><\/div>\n\t\t\t\t\t\t\t\t\t\t\t\t\t<div class=\"elementor-swiper-button elementor-swiper-button-prev\">\n\t\t\t\t\t\t<i aria-hidden=\"true\" class=\"eicon-chevron-left\"><\/i>\t\t\t\t\t\t<span class=\"elementor-screen-only\">Anterior<\/span>\n\t\t\t\t\t<\/div>\n\t\t\t\t\t<div class=\"elementor-swiper-button elementor-swiper-button-next\">\n\t\t\t\t\t\t<i aria-hidden=\"true\" class=\"eicon-chevron-right\"><\/i>\t\t\t\t\t\t<span class=\"elementor-screen-only\">Pr\u00f3ximo<\/span>\n\t\t\t\t\t<\/div>\n\t\t\t\t\t\t\t\t\t<\/div>\n\t\t\t\t<\/div>\n\t\t\t\t<\/div>\n\t\t\t\t\t<\/div>\n\t\t<\/div>\n\t\t\t\t\t\t\t<\/div>\n\t\t<\/section>\n\t\t\t\t<section class=\"elementor-section elementor-top-section elementor-element elementor-element-ecf30b1 elementor-section-boxed elementor-section-height-default elementor-section-height-default\" data-id=\"ecf30b1\" data-element_type=\"section\" data-settings=\"{&quot;background_background&quot;:&quot;gradient&quot;}\">\n\t\t\t\t\t\t<div class=\"elementor-container elementor-column-gap-default\">\n\t\t\t\t\t<div class=\"elementor-column elementor-col-100 elementor-top-column elementor-element elementor-element-c7986cc\" data-id=\"c7986cc\" data-element_type=\"column\">\n\t\t\t<div class=\"elementor-widget-wrap elementor-element-populated\">\n\t\t\t\t\t\t\t\t<section class=\"elementor-section elementor-inner-section elementor-element elementor-element-4659e2d elementor-section-boxed elementor-section-height-default elementor-section-height-default\" data-id=\"4659e2d\" data-element_type=\"section\">\n\t\t\t\t\t\t<div class=\"elementor-container elementor-column-gap-default\">\n\t\t\t\t\t<div class=\"elementor-column elementor-col-50 elementor-inner-column elementor-element elementor-element-12fd332\" data-id=\"12fd332\" data-element_type=\"column\">\n\t\t\t<div class=\"elementor-widget-wrap elementor-element-populated\">\n\t\t\t\t\t\t\t\t<div class=\"elementor-element elementor-element-4a581a3 elementor-widget elementor-widget-image\" data-id=\"4a581a3\" data-element_type=\"widget\" data-widget_type=\"image.default\">\n\t\t\t\t<div class=\"elementor-widget-container\">\n\t\t\t\t\t\t\t\t\t\t\t\t\t\t\t<img width=\"151\" height=\"59\" src=\"https:\/\/www.sigmacrom.com.br\/site\/wp-content\/uploads\/2022\/03\/atuaca_tit.png\" class=\"attachment-large size-large\" alt=\"\" loading=\"lazy\" \/>\t\t\t\t\t\t\t\t\t\t\t\t\t\t\t<\/div>\n\t\t\t\t<\/div>\n\t\t\t\t<div class=\"elementor-element elementor-element-0fe14ca elementor-widget elementor-widget-text-editor\" data-id=\"0fe14ca\" data-element_type=\"widget\" data-widget_type=\"text-editor.default\">\n\t\t\t\t<div class=\"elementor-widget-container\">\n\t\t\t\t\t\t\t<p><strong>Pe\u00e7as T\u00e9cnicas e Industriais direcionadas para os setores:<\/strong><\/p><div>\u2022\u00a0 Automotivo<\/div><div>\u2022\u00a0 Telecomunica\u00e7\u00f5es<\/div><div>\u2022\u00a0 Eletro-Eletr\u00f4nico<\/div><div>\u2022\u00a0 Constru\u00e7\u00e3o Civil<\/div><div>\u2022\u00a0 El\u00e9trodomestico<\/div><div>\u2022\u00a0 Refrigera\u00e7\u00e3o<\/div><div>\u2022\u00a0 Aeron\u00e1utica<\/div><div>\u2022\u00a0 Inform\u00e1tica<\/div><div>\u2022\u00a0 Medicina e Odontologia<\/div><div>\u2022\u00a0 Ind\u00fastria Mec\u00e2nica<\/div><div>\u2022\u00a0 Ind\u00fastria Moveleira<\/div><div>\u2022\u00a0 N\u00e1utica<\/div><div>\u2022\u00a0 Ind\u00fastria de Cosm\u00e9ticos<\/div><p>Atuamos em todo o territ\u00f3rio nacional, pe\u00e7a um or\u00e7amento, agende uma visita, tire suas d\u00favidas ou nos envie sugest\u00f5es ou cr\u00edticas atrav\u00e9s do nosso <b>contato.<\/b><\/p>\t\t\t\t\t\t<\/div>\n\t\t\t\t<\/div>\n\t\t\t\t\t<\/div>\n\t\t<\/div>\n\t\t\t\t<div class=\"elementor-column elementor-col-50 elementor-inner-column elementor-element elementor-element-1e3126b\" data-id=\"1e3126b\" data-element_type=\"column\">\n\t\t\t<div class=\"elementor-widget-wrap elementor-element-populated\">\n\t\t\t\t\t\t\t\t<div class=\"elementor-element elementor-element-420ca0a elementor-widget elementor-widget-image\" data-id=\"420ca0a\" data-element_type=\"widget\" data-widget_type=\"image.default\">\n\t\t\t\t<div class=\"elementor-widget-container\">\n\t\t\t\t\t\t\t\t\t\t\t\t\t\t\t<img width=\"151\" height=\"59\" src=\"https:\/\/www.sigmacrom.com.br\/site\/wp-content\/uploads\/2022\/03\/vanta_tit.png\" class=\"attachment-large size-large\" alt=\"\" loading=\"lazy\" \/>\t\t\t\t\t\t\t\t\t\t\t\t\t\t\t<\/div>\n\t\t\t\t<\/div>\n\t\t\t\t<div class=\"elementor-element elementor-element-d3a66b1 elementor-widget elementor-widget-text-editor\" data-id=\"d3a66b1\" data-element_type=\"widget\" data-widget_type=\"text-editor.default\">\n\t\t\t\t<div class=\"elementor-widget-container\">\n\t\t\t\t\t\t\t<p><strong>Cromagem e inje\u00e7\u00e3o pl\u00e1stica<\/strong><br \/><br \/>A Sigmacrom com esp\u00edrito inovador\u00a0 e atenta \u00e0s necessidades do mercado, oferece servi\u00e7os em CROMAGEM E INJE\u00c7\u00c3O PL\u00c1STICA.<br \/><br \/>O\u00a0 principal\u00a0\u00a0 objetivo\u00a0 \u00e9\u00a0 proporcionar\u00a0 \u00e0 seus\u00a0 clientes\u00a0 a otimiza\u00e7\u00e3o da cadeia produtiva, dessa forma,o cliente se relaciona apenas com um \u00fanico fornecedor, economizando tempo, trabalho e, principalmente, diminuindo custos<br \/><br \/><strong>Acetinado<\/strong><br \/><br \/>Seguindo novas tend\u00eancias do mercado Automotivo, a Sigmacrom oferece mais esta op\u00e7\u00e3o para atender todos os segmentos.<br \/><br \/><strong>Desenvolvimento e fabrica\u00e7\u00e3o pr\u00f3pria de gancheiras<\/strong><br \/><br \/>Contamos com um departamento de cria\u00e7\u00e3o e confec\u00e7\u00e3o de GANCHEIRAS ESPECIAIS, para tratamento de pe\u00e7as com geometria complexa.<\/p>\t\t\t\t\t\t<\/div>\n\t\t\t\t<\/div>\n\t\t\t\t\t<\/div>\n\t\t<\/div>\n\t\t\t\t\t\t\t<\/div>\n\t\t<\/section>\n\t\t\t\t<div class=\"elementor-element elementor-element-0026d92 elementor-arrows-position-inside elementor-pagination-position-outside elementor-widget elementor-widget-image-carousel\" data-id=\"0026d92\" data-element_type=\"widget\" data-settings=\"{&quot;slides_to_show&quot;:&quot;4&quot;,&quot;slides_to_show_tablet&quot;:&quot;4&quot;,&quot;image_spacing_custom&quot;:{&quot;unit&quot;:&quot;px&quot;,&quot;size&quot;:12,&quot;sizes&quot;:[]},&quot;navigation&quot;:&quot;both&quot;,&quot;autoplay&quot;:&quot;yes&quot;,&quot;pause_on_hover&quot;:&quot;yes&quot;,&quot;pause_on_interaction&quot;:&quot;yes&quot;,&quot;autoplay_speed&quot;:5000,&quot;infinite&quot;:&quot;yes&quot;,&quot;speed&quot;:500}\" data-widget_type=\"image-carousel.default\">\n\t\t\t\t<div class=\"elementor-widget-container\">\n\t\t\t\t\t<div class=\"elementor-image-carousel-wrapper swiper-container\" dir=\"ltr\">\n\t\t\t<div class=\"elementor-image-carousel swiper-wrapper\">\n\t\t\t\t\t\t\t\t<div class=\"swiper-slide\"><a data-elementor-open-lightbox=\"yes\" data-elementor-lightbox-slideshow=\"0026d92\" data-elementor-lightbox-title=\"comercial_sigmacrom\" e-action-hash=\"#elementor-action%3Aaction%3Dlightbox%26settings%3DeyJpZCI6MTQwLCJ1cmwiOiJodHRwczpcL1wvd3d3LnNpZ21hY3JvbS5jb20uYnJcL3NpdGVcL3dwLWNvbnRlbnRcL3VwbG9hZHNcLzIwMjJcLzAzXC9jb21lcmNpYWxfc2lnbWFjcm9tLmpwZyIsInNsaWRlc2hvdyI6IjAwMjZkOTIifQ%3D%3D\" href=\"https:\/\/www.sigmacrom.com.br\/site\/wp-content\/uploads\/2022\/03\/comercial_sigmacrom.jpg\"><figure class=\"swiper-slide-inner\"><img class=\"swiper-slide-image\" src=\"https:\/\/www.sigmacrom.com.br\/site\/wp-content\/uploads\/2022\/03\/comercial_sigmacrom.jpg\" alt=\"comercial_sigmacrom\" \/><\/figure><\/a><\/div><div class=\"swiper-slide\"><a data-elementor-open-lightbox=\"yes\" data-elementor-lightbox-slideshow=\"0026d92\" data-elementor-lightbox-title=\"estacao_tratamento_sigmacrom\" e-action-hash=\"#elementor-action%3Aaction%3Dlightbox%26settings%3DeyJpZCI6MTQxLCJ1cmwiOiJodHRwczpcL1wvd3d3LnNpZ21hY3JvbS5jb20uYnJcL3NpdGVcL3dwLWNvbnRlbnRcL3VwbG9hZHNcLzIwMjJcLzAzXC9lc3RhY2FvX3RyYXRhbWVudG9fc2lnbWFjcm9tLmpwZyIsInNsaWRlc2hvdyI6IjAwMjZkOTIifQ%3D%3D\" href=\"https:\/\/www.sigmacrom.com.br\/site\/wp-content\/uploads\/2022\/03\/estacao_tratamento_sigmacrom.jpg\"><figure class=\"swiper-slide-inner\"><img class=\"swiper-slide-image\" src=\"https:\/\/www.sigmacrom.com.br\/site\/wp-content\/uploads\/2022\/03\/estacao_tratamento_sigmacrom.jpg\" alt=\"estacao_tratamento_sigmacrom\" \/><\/figure><\/a><\/div><div class=\"swiper-slide\"><a data-elementor-open-lightbox=\"yes\" data-elementor-lightbox-slideshow=\"0026d92\" data-elementor-lightbox-title=\"frota_sigmacrom\" e-action-hash=\"#elementor-action%3Aaction%3Dlightbox%26settings%3DeyJpZCI6MTQyLCJ1cmwiOiJodHRwczpcL1wvd3d3LnNpZ21hY3JvbS5jb20uYnJcL3NpdGVcL3dwLWNvbnRlbnRcL3VwbG9hZHNcLzIwMjJcLzAzXC9mcm90YV9zaWdtYWNyb20uanBnIiwic2xpZGVzaG93IjoiMDAyNmQ5MiJ9\" href=\"https:\/\/www.sigmacrom.com.br\/site\/wp-content\/uploads\/2022\/03\/frota_sigmacrom.jpg\"><figure class=\"swiper-slide-inner\"><img class=\"swiper-slide-image\" src=\"https:\/\/www.sigmacrom.com.br\/site\/wp-content\/uploads\/2022\/03\/frota_sigmacrom.jpg\" alt=\"frota_sigmacrom\" \/><\/figure><\/a><\/div><div class=\"swiper-slide\"><a data-elementor-open-lightbox=\"yes\" data-elementor-lightbox-slideshow=\"0026d92\" data-elementor-lightbox-title=\"laboratorio_sigmacrom\" e-action-hash=\"#elementor-action%3Aaction%3Dlightbox%26settings%3DeyJpZCI6MTQzLCJ1cmwiOiJodHRwczpcL1wvd3d3LnNpZ21hY3JvbS5jb20uYnJcL3NpdGVcL3dwLWNvbnRlbnRcL3VwbG9hZHNcLzIwMjJcLzAzXC9sYWJvcmF0b3Jpb19zaWdtYWNyb20uanBnIiwic2xpZGVzaG93IjoiMDAyNmQ5MiJ9\" href=\"https:\/\/www.sigmacrom.com.br\/site\/wp-content\/uploads\/2022\/03\/laboratorio_sigmacrom.jpg\"><figure class=\"swiper-slide-inner\"><img class=\"swiper-slide-image\" src=\"https:\/\/www.sigmacrom.com.br\/site\/wp-content\/uploads\/2022\/03\/laboratorio_sigmacrom.jpg\" alt=\"laboratorio_sigmacrom\" \/><\/figure><\/a><\/div><div class=\"swiper-slide\"><a data-elementor-open-lightbox=\"yes\" data-elementor-lightbox-slideshow=\"0026d92\" data-elementor-lightbox-title=\"parque_fabril_sigmacrom\" e-action-hash=\"#elementor-action%3Aaction%3Dlightbox%26settings%3DeyJpZCI6MTQ0LCJ1cmwiOiJodHRwczpcL1wvd3d3LnNpZ21hY3JvbS5jb20uYnJcL3NpdGVcL3dwLWNvbnRlbnRcL3VwbG9hZHNcLzIwMjJcLzAzXC9wYXJxdWVfZmFicmlsX3NpZ21hY3JvbS5qcGciLCJzbGlkZXNob3ciOiIwMDI2ZDkyIn0%3D\" href=\"https:\/\/www.sigmacrom.com.br\/site\/wp-content\/uploads\/2022\/03\/parque_fabril_sigmacrom.jpg\"><figure class=\"swiper-slide-inner\"><img class=\"swiper-slide-image\" src=\"https:\/\/www.sigmacrom.com.br\/site\/wp-content\/uploads\/2022\/03\/parque_fabril_sigmacrom.jpg\" alt=\"parque_fabril_sigmacrom\" \/><\/figure><\/a><\/div>\t\t\t<\/div>\n\t\t\t\t\t\t\t\t\t\t\t\t<div class=\"swiper-pagination\"><\/div>\n\t\t\t\t\t\t\t\t\t\t\t\t\t<div class=\"elementor-swiper-button elementor-swiper-button-prev\">\n\t\t\t\t\t\t<i aria-hidden=\"true\" class=\"eicon-chevron-left\"><\/i>\t\t\t\t\t\t<span class=\"elementor-screen-only\">Anterior<\/span>\n\t\t\t\t\t<\/div>\n\t\t\t\t\t<div class=\"elementor-swiper-button elementor-swiper-button-next\">\n\t\t\t\t\t\t<i aria-hidden=\"true\" class=\"eicon-chevron-right\"><\/i>\t\t\t\t\t\t<span class=\"elementor-screen-only\">Pr\u00f3ximo<\/span>\n\t\t\t\t\t<\/div>\n\t\t\t\t\t\t\t\t\t<\/div>\n\t\t\t\t<\/div>\n\t\t\t\t<\/div>\n\t\t\t\t\t<\/div>\n\t\t<\/div>\n\t\t\t\t\t\t\t<\/div>\n\t\t<\/section>\n\t\t\t\t\t\t\t<\/div>\n\t\t","protected":false},"excerpt":{"rendered":"<p>Pe\u00e7as T\u00e9cnicas e Industriais direcionadas para os setores: \u2022\u00a0 Automotivo \u2022\u00a0 Telecomunica\u00e7\u00f5es \u2022\u00a0 Eletro-Eletr\u00f4nico \u2022\u00a0 Constru\u00e7\u00e3o Civil \u2022\u00a0 El\u00e9trodomestico \u2022\u00a0 Refrigera\u00e7\u00e3o \u2022\u00a0 Aeron\u00e1utica \u2022\u00a0 Inform\u00e1tica \u2022\u00a0 Medicina e Odontologia \u2022\u00a0 Ind\u00fastria Mec\u00e2nica \u2022\u00a0 Ind\u00fastria Moveleira \u2022\u00a0 N\u00e1utica \u2022\u00a0 Ind\u00fastria de Cosm\u00e9ticos Atuamos em todo o territ\u00f3rio nacional, pe\u00e7a um or\u00e7amento, agende uma visita, tire suas [&hellip;]<\/p>\n","protected":false},"author":1,"featured_media":0,"parent":0,"menu_order":0,"comment_status":"closed","ping_status":"closed","template":"elementor_header_footer","meta":[],"_links":{"self":[{"href":"https:\/\/www.sigmacrom.com.br\/site\/wp-json\/wp\/v2\/pages\/100"}],"collection":[{"href":"https:\/\/www.sigmacrom.com.br\/site\/wp-json\/wp\/v2\/pages"}],"about":[{"href":"https:\/\/www.sigmacrom.com.br\/site\/wp-json\/wp\/v2\/types\/page"}],"author":[{"embeddable":true,"href":"https:\/\/www.sigmacrom.com.br\/site\/wp-json\/wp\/v2\/users\/1"}],"replies":[{"embeddable":true,"href":"https:\/\/www.sigmacrom.com.br\/site\/wp-json\/wp\/v2\/comments?post=100"}],"version-history":[{"count":43,"href":"https:\/\/www.sigmacrom.com.br\/site\/wp-json\/wp\/v2\/pages\/100\/revisions"}],"predecessor-version":[{"id":352,"href":"https:\/\/www.sigmacrom.com.br\/site\/wp-json\/wp\/v2\/pages\/100\/revisions\/352"}],"wp:attachment":[{"href":"https:\/\/www.sigmacrom.com.br\/site\/wp-json\/wp\/v2\/media?parent=100"}],"curies":[{"name":"wp","href":"https:\/\/api.w.org\/{rel}","templated":true}]}}